 common factor of 12 and o.
12
Let k be (240/(-320)*8/6)/((-3)/10578). What is the highest common factor of k and 344?
86
Let t = -26 + 28. Let b be (10/6 - t)/(1/(-12)). Suppose 2*f - 2*g = 54, b*f - 43 = -g + 80. Calculate the highest common divisor of 10 and f.
10
Suppose 3*z + 3 = 2*z. Let c be z/(-6) + 24/16. Suppose 5 = 3*k + c. What is the greatest common factor of k and 11?
1
Let z be 3/135*-6 - (-32)/15. Suppose -3*v + 3*q = -48 + 3, -z*q = 5*v - 96. Calculate the highest common divisor of 729 and v.
9
Suppose -5560 = -45*x + 1730. Calculate the highest common factor of x and 18.
18
Let c(j) = 9*j - 40. Let o(g) = -91*g + 399. Let q(m) = -21*c(m) - 2*o(m). Let y be q(-12). Calculate the greatest common divisor of 42 and y.
42
Let t = -3409 + 4124. Calculate the highest common factor of t and 520.
65
Let f be (-63)/(-3 + 1 + 3 - 0). Let t = 595 + -838. Let q = f - t. Calculate the highest common factor of 20 and q.
20
Suppose 0*t = 3*l - 5*t - 3, -27 = -5*l + t. Let b(f) = 14*f - 14*f + 34*f - l. Let u be b(1). What is the greatest common factor of u and 4?
4
Let o(m) = -m**2 + 8*m - 3. Let j(c) = 2*c**3 + 22*c**2 - 26*c - 18. Let n be j(-12). Let d be o(n). Calculate the highest common factor of 144 and d.
9
Suppose 23795 = 16*q - 75261. Calculate the highest common factor of 41 and q.
41
Let y = -173 - -179. Suppose -y*h = 16 - 88. What is the highest common factor of h and 108?
12
Suppose 0 = -2*i + 5*x + 257, 5*i - 5*x - 651 = -46. Let j = 111 - i. Let p be (-3 - j)/(2/76). What is the greatest common factor of 19 and p?
19
Let f(q) = -q**3 + 17*q**2 - 19*q - 86. Let r(l) = l - 1. Let v(t) = -f(t) - 5*r(t). Let k be v(17). What is the highest common divisor of 47 and k?
47
Let s(q) = q**2 + 2*q + 4. Let v be s(0). Suppose 7*k - 2*k - 140 = -v*t, 5*t + 3*k - 175 = 0. Calculate the highest common divisor of 5 and t.
5
Suppose -10*q - 83*q = -16*q - 7007. Calculate the greatest common divisor of 923 and q.
13
Let b(l) = 32*l**2 - 43*l + 232. Let w be b(5). Calculate the greatest common factor of w and 323.
19
Let y(a) = a**2 - 36*a + 196. Let n be y(34). What is the greatest common divisor of n and 232?
8
Let x = 58 + -56. Suppose 63 = x*g - h, 0*g + 3*g - 5*h = 84. What is the greatest common divisor of g and 330?
33
Let x(k) = -k**3 + 16*k**2 - 8*k + 38. Let s be x(11). Let v = -20 + 35. What is the greatest common factor of v and s?
15
Let u be ((0 + -3)/(-1))/((-34)/(-374)). Calculate the greatest common factor of 2838 and u.
33
Let z be 32/(-80)*230/(-4). Suppose 0 = -a + z - 18. Suppose -k = w - a*k - 19, -2*k + 57 = 3*w. Calculate the greatest common factor of 1 and w.
1
Let t = 30081 - 30029. What is the greatest common factor of 7683 and t?
13
Let k = 105 + -81. Suppose -4 = 2*s, 5*s = -m + 10*s + k. Let q be (m/14)/((-2)/(-30)). Calculate the highest common factor of 60 and q.
15
Suppose 4*z = 0, -79 + 415 = 4*q + 4*z. Calculate the highest common factor of q and 366.
6
Suppose 0 = 16*b + 7*b - 8326. Let q = -358 + b. What is the greatest common divisor of 16 and q?
4
Let q = 294 - 298. Let u(g) = 15*g + 102. Let b be u(q). Calculate the greatest common divisor of 18 and b.
6
Let d = -8 - -23. Suppose 15*k - 11*k + 1848 = 0. Let s = k + 477. What is the highest common divisor of s and d?
15
Let l(z) = 52*z**2 + 150*z - 150. Let g be l(1). Let w(s) = 44*s - 24. Let j be w(10). What is the greatest common divisor of j and g?
52
Let r be ((-1588)/12)/((-81)/13122). What is the highest common factor of r and 54?
54
Suppose -4*o = 10 - 90. Suppose 0 = x + 10 - o. Calculate the greatest common factor of x and 70.
10
Suppose -4*b + 49848 = -4*z, 3*b = 4*z + 2433 + 34949. What is the greatest common divisor of 46 and b?
46
Let m be (-159)/(-2385) - ((-117358)/30 - 1). What is the highest common factor of 26 and m?
13
Let t be 5*((-476)/(-490) + 4/(-7)). Suppose -32 = -2*i - t*j, 3*j + j + 34 = 3*i. What is the highest common divisor of 7 and i?
7
Suppose 201*n - 5960 = 197*n - 5*o, 0 = 2*n - 5*o - 2920. Calculate the highest common factor of n and 120.
40
Suppose -10*p + 98 = 58. Suppose -w - 2*w = -p*u - 38, 3*u - 48 = -2*w. What is the highest common factor of 288 and w?
18
Let n = -5028 + 5130. What is the highest common factor of n and 18?
6
Suppose 2*k - 122 = 298. Suppose -3*u - 2*u + 10 = 0. Suppose -5*b + 183 = 4*n, b = 7*n - u*n - 207. Calculate the greatest common factor of n and k.
42
Let n(a) = -a - 2. Let v be n(15). Let t be ((-8)/6)/(v/51). Suppose -316 = -4*z - l, 17 = t*z - l - 307. What is the highest common divisor of 8 and z?
8
Suppose 0 = -0*o - o + 10*m - 76, 3*o + 2*m = 28. Calculate the highest common factor of 1882 and o.
2
Let s be (39/(-2))/(6/(-368)). What is the highest common factor of 7475 and s?
299
Suppose -v = 7*v - 4264. Let x = 3150 - 3124. Calculate the greatest common divisor of x and v.
13
Suppose 5*z - 26 = 9. Suppose 70 = 5*y - 65. Suppose z*i + y = 8*i. What is the highest common factor of i and 9?
9
Suppose -11*u + 23 = -21. Suppose 6 = -3*t + u*y + 26, t = -4*y + 28. Calculate the greatest common divisor of 27 and t.
3
Suppose 5*a + 40 = 50. Suppose 0 = v - 4, v - a = s - 0*s. Suppose 0 = 2*p + 10 - s, -c + 5*p = -39. What is the highest common divisor of c and 152?
19
Suppose 6*c - c = 225. Let y be 33 + -1 - (-2)/(10/(-25)). Calculate the highest common divisor of c and y.
9
Suppose 5*m = 5*o - 235, 0*o + 3*o = -4*m + 106. Suppose 0 = -n - 6 - o. Let c be (n/(-8))/(14/8 - 1). What is the greatest common divisor of 32 and c?
8
Let w = 72961 + -72952. Suppose 2*p - 8 = -2*p. What is the greatest common divisor of w and p?
1
Let n(a) = 2*a - 37. Let k be n(2). Let o be (-8)/(-96)*-4*k. Let l be -286*(6/4)/(-3). What is the greatest common factor of l and o?
11
Let c = -961 + 1871. Suppose -5*r + c = -0*r. Let k(j) = 24*j - 46. Let v be k(3). What is the greatest common divisor of r and v?
26
Let u = -1 - -31. Suppose -2*s + 66 = -72. Let v = s - -21. Calculate the highest common divisor of v and u.
30
Let i(p) = 126*p + 161. Suppose -5*c + 2*c - 23 = -2*r, r - 19 = 3*c. Let n be i(r). What is the greatest common divisor of n and 190?
95
Let m = 1425 - 1236. What is the highest common factor of 8883 and m?
189
Let z = 13460 - 9068. Calculate the greatest common divisor of 183 and z.
183
Suppose 436 + 400 = -11*c. Let q = -74 - c. Calculate the greatest common divisor of q and 3.
1
Suppose -3*q + 3*j + 594 = 0, 24*q - 20*q = 5*j + 790. What is the greatest common divisor of q and 80?
40
Let a(u) = u**2 - 68*u - 513. Let c be a(76). What is the highest common divisor of 135 and c?
5
Suppose -5*z = -4*n - 8, -5*n = -z - 6 - 5. Suppose 4*j + 0*j = 0, -c + z*j + 152 = 0. What is the greatest common divisor of c and 57?
19
Let q be (-3)/((-3)/2)*19. Let w(m) = -5*m**2 - 95*m + 1. Let g be w(-17). What is the greatest common factor of q and g?
19
Suppose 13*z - 7326 = -9*z. Suppose 0 = 4*l - z + 45. What is the greatest common divisor of 162 and l?
18
Suppose 0 = -61929*q + 62174*q - 11760. Let m = -840 - -2424. Calculate the highest common divisor of q and m.
48
Let r(p) = p + 42. Let n be r(3). Let u be ((-81)/n)/((-3)/10). What is the highest common divisor of u and 42?
6
Let i(a) = 47*a + 2837. Let r be i(-35). Calculate the greatest common factor of 24 and r.
8
Let k = 6723 + -6492. What is the greatest common factor of 63 and k?
21
Suppose 3*p = -9, -4*l + 40810 = -58*p + 56*p. Calculate the highest common divisor of l and 202.
101
Suppose 58*c = -123 + 1805. Calculate the greatest common factor of c and 1769.
29
Suppose -2*k + 2*b + 24 = 0, 456 - 426 = k - 4*b. What is the highest common divisor of 248 and k?
2
Let d(j) = -j**3 + 8*j**2 - j + 85. Let s be d(0). What is the highest common factor of 35 and s?
5
Suppose -4 = x - 10. Let j = 22568 + -22554. Calculate the highest common factor of x and j.
2
Let a(s) = -27*s + 4. Let x be a(14). Let k = -351 - x. Calculate the highest common factor of 161 and k.
23
Let x be (4664/265)/((-1)/(-20)). Calculate the highest common divisor of 512 and x.
32
Suppose 14945 - 97475 = -4*p - 5*b, -p + 20655 = 5*b. Calculate the greatest common factor of 165 and p.
165
Let h = -62 - -67. Suppose 0 = h*g - 102 - 28. Calculate the highest common divisor o